26
What is the highest common factor of 1755 and 121797?
351
What is the highest common factor of 1630 and 2850?
10
What is the greatest common factor of 629333 and 949?
73
Calculate the greatest common divisor of 294 and 1064.
14
Calculate the greatest common factor of 341 and 20779.
11
What is the greatest common divisor of 362 and 35657?
181
Calculate the highest common divisor of 6256052 and 44.
44
What is the highest common factor of 782 and 4250?
34
What is the greatest common divisor of 202832 and 32?
16
Calculate the highest common factor of 369538 and 52.
26
What is the highest common factor of 23571 and 776?
97
Calculate the greatest common factor of 19584 and 80.
16
Calculate the greatest common divisor of 19350 and 180.
90
What is the highest common factor of 63 and 401355?
9
What is the highest common factor of 34602 and 876?
438
Calculate the greatest common divisor of 11055 and 191285.
335
Calculate the highest common factor of 26 and 2906.
2
Calculate the greatest common factor of 60148 and 55.
11
What is the highest common factor of 131228 and 212?
212
Calculate the greatest common factor of 616366 and 638.
58
What is the highest common factor of 1039446 and 63?
9
What is the greatest common divisor of 9584389 and 73?
73
Calculate the highest common divisor of 198 and 287694.
198
Calculate the highest common factor of 750 and 1038.
6
Calculate the highest common factor of 759 and 1520783.
253
What is the highest common factor of 121360 and 80?
80
What is the highest common factor of 47597 and 165?
11
Calculate the greatest common divisor of 55521 and 186.
93
What is the highest common divisor of 2759 and 496?
31
What is the highest common divisor of 331884 and 8316?
756
What is the greatest common divisor of 168070 and 980?
490
What is the highest common factor of 9 and 13437?
9
What is the greatest common factor of 11186 and 986?
34
What is the highest common divisor of 16448 and 384?
64
What is the greatest common factor of 151256 and 616?
56
Calculate the highest common divisor of 1166 and 803.
11
Calculate the highest common factor of 459 and 978486.
51
Calculate the highest common divisor of 216 and 354.
6
What is the greatest common divisor of 24 and 2678552?
8
What is the greatest common divisor of 80 and 132736?
16
Calculate the highest common factor of 474 and 152391.
237
Calculate the highest common divisor of 57730 and 575.
115
Calculate the highest common factor of 53476 and 6583.
29
What is the highest common divisor of 138 and 25300?
46
What is the highest common divisor of 7029 and 797401?
781
What is the greatest common factor of 18570 and 2310?
30
Calculate the highest common divisor of 6249 and 15.
3
Calculate the highest common divisor of 83 and 130061.
83
What is the greatest common divisor of 64 and 102280?
8
Calculate the greatest common factor of 143782 and 116.
58
What is the greatest common factor of 27 and 4701?
3
What is the greatest common factor of 51204 and 408?
204
What is the highest common divisor of 5304 and 24?
24
Calculate the greatest common factor of 180 and 56745.
45
Calculate the greatest common factor of 2747 and 24313.
41
What is the highest common factor of 5848 and 82646?
86
Calculate the highest common divisor of 29456 and 14224.
112
What is the greatest common divisor of 219 and 1449561?
219
What is the highest common factor of 992 and 3553468?
124
Calculate the greatest common divisor of 1800 and 5000.
200
Calculate the highest common factor of 20224 and 7424.
256
Calculate the greatest common divisor of 7587 and 144.
9
What is the highest common factor of 536419 and 13?
13
What is the greatest common factor of 3256 and 77264?
88
Calculate the greatest common factor of 57 and 246924.
57
What is the highest common divisor of 154 and 48741?
77
Calculate the highest common factor of 292288 and 8.
8
Calculate the highest common divisor of 92 and 1895108.
92
What is the greatest common factor of 17 and 1533689?
17
What is the highest common factor of 134 and 1899517?
67
Calculate the greatest common factor of 123808 and 146.
146
Calculate the greatest common factor of 23424 and 2592.
96
Calculate the greatest common divisor of 162960 and 1008.
336
What is the greatest common divisor of 14 and 710990?
14
Calculate the greatest common divisor of 3696 and 245616.
336
Calculate the greatest common divisor of 56117 and 799.
17
Calculate the greatest common factor of 1135 and 615851.
227
Calculate the highest common divisor of 918 and 31348.
34
What is the greatest common factor of 1655 and 3972?
331
Calculate the highest common factor of 9542 and 2262.
26
What is the greatest common divisor of 130070 and 50?
10
Calculate the greatest common divisor of 2820 and 420.
60
Calculate the highest common factor of 62839 and 764.
191
What is the greatest common factor of 149 and 324671?
149
Calculate the highest common divisor of 8 and 19872.
8
What is the greatest common divisor of 108 and 147933?
27
Calculate the highest common factor of 163435 and 10.
5
What is the greatest common factor of 11636 and 20?
4
What is the greatest common factor of 14 and 53266?
2
Calculate the highest common factor of 238 and 779569.
119
Calculate the highest common factor of 8 and 8976.
8
What is the highest common divisor of 63921 and 33?
33
What is the highest common divisor of 72 and 56264?
8
Calculate the greatest common factor of 455 and 304525.
65
What is the highest common factor of 1045 and 629145?
55
What is the highest common divisor of 122679 and 1548?
387
What is the greatest common factor of 20 and 4265?
5
What is the highest common divisor of 2 and 4946?
2
Calculate the greatest common factor of 196 and 6724.
4
Calculate the highest common factor of 4275 and 13.
1
Calculate the highest common factor of 577356 and 156.
156
Calculate the greatest common divisor of 10994 and 1912.
478
What is the highest common factor of 299975 and 923?
923
Calculate the highest common divisor of 1944 and 1408.
8
Calculate the greatest common divisor of 310 and 6195.
5
What is the greatest common divisor of 1220 and 5630300?
1220
Calculate the highest common divisor of 44 and 566874.
22
What is the greatest common divisor of 112 and 10213?
7
What is the highest common divisor of 2436 and 4301367?
609
What is the greatest common divisor of 10493 and 609?
7
What is the highest common factor of 250 and 495150?
50
Calculate the greatest common divisor of 588 and 24759.
21
Calculate the greatest common factor of 720 and 4480.
80
What is the greatest common factor of 1548 and 333?
9
Calculate the greatest common divisor of 215 and 30487.
43
Calculate the greatest common factor of 134 and 13574.
2
What is the highest common divisor of 22568 and 162812?
1612
Calculate the greatest common factor of 917351 and 628.
157
Calculate the greatest common divisor of 4700888 and 424.
424
Calculate the highest common factor of 611256 and 120.
24
Calculate the highest common divisor of 28313507 and 127.
127
What is the highest common factor of 17 and 220201?
17
Calculate the greatest common factor of 1530 and 1620.
90
Calculate the greatest common divisor of 1 and 148155.
1
Calculate the highest common factor of 910 and 65468.
26
What is the highest common factor of 531 and 856503?
531
What is the highest common factor of 2192 and 9664?
16
What is the highest common divisor of 1148237 and 617?
617
What is the highest common factor of 18456 and 1644?
12
What is the greatest common divisor of 936210 and 165?
165
Calculate the highest common factor of 22134 and 930.
186
What is the highest common divisor of 40 and 25050?
10
What is the greatest common factor of 2821 and 1911?
91
Calculate the highest common factor of 656 and 41.
41
What is the highest common factor of 88 and 1429846?
22
Calculate the highest common factor of 1476 and 1326432.
492
Calculate the greatest common divisor of 216 and 2264400.
72
Calculate the greatest common factor of 34550 and 2.
2
What is the greatest common factor of 11622 and 1014?
78
Calculate the highest common divisor of 579 and 133942.
193
What is the greatest common factor of 116541 and 92?
23
What is the greatest common factor of 16 and 35816?
8
Calculate the greatest common factor of 1521 and 34281.
1